= -0*b - q, -4 = -2*q. Suppose -4*k - 47 = -247. What is the remainder when k is divided by b?
16
Suppose 5*b = 272 + 303. Calculate the remainder when b is divided by 20.
15
Let r = -10 - -5. Let i = r + 9. What is the remainder when 28 is divided by 61/i - 1/4?
13
Suppose -5*l + i = 79, 3*l + 4*i = 6*l + 44. Let y = l - -21. Calculate the remainder when y is divided by 3.
2
Suppose -2*n - 2*n = -72. Calculate the remainder when 104 is divided by n.
14
Suppose 3*o - 5*i - 5 = -o, 0 = -5*o + i + 1. Suppose -2*d + 4*d - 10 = o. What is the remainder when 10 is divided by (-3)/d - (-33)/5?
4
Let d be (-4)/(-6) - 139/(-3). Suppose -d - 25 = -2*v. Suppose -u + 4*u = v. Calculate the remainder when 23 is divided by u.
11
Suppose i - 4*i = u - 34, -4*i + 148 = 5*u. What is the remainder when u is divided by 5?
3
Let p(x) = -x**3 + 5*x**2 + 3*x + 3. Suppose 2*v - 4*v + 20 = 0. What is the remainder when p(5) is divided by v?
8
Suppose -3*y = 4*u - u + 6, 5*u = -4*y - 5. Suppose -u*b - 46 = -5*b. What is the remainder when b is divided by 8?
7
Suppose 0 = 17*z - 15*z - 46. Calculate the remainder when z is divided by 8.
7
Let q = 20 - -12. Calculate the remainder when q is divided by 17.
15
Let d(z) = -z**2 + z - 1. Let a(j) = -5*j**2 + j - 9. Let p = 13 + -9. Let l(n) = p*d(n) - a(n). Calculate the remainder when 17 is divided by l(-4).
8
Let u(a) = -6*a - 17. Suppose 2*l + 0*i + 5*i - 1 = 0, 0 = -3*i + 9. Let x = -4 - -13. Calculate the remainder when u(l) is divided by x.
7
Suppose 4*u - 160 = -5*t + t, -3*u = 2*t - 121. What is the remainder when 80 is divided by u?
39
Let n(i) = -9 + 1 + 1 - i - i**3 + 6*i**2. Calculate the remainder when 1/((8/50)/4) is divided by n(5).
12
Let r(x) = -x**3 + 5*x**2 + 3*x + 3. Let v(l) = -l**3 + 3*l**2 + 3*l - 4. Let b be v(3). What is the remainder when 53 is divided by r(b)?
17
Let p be 3/(-2)*(-286)/(-33). Let u = p - -28. Calculate the remainder when 57 is divided by u.
12
Let r = -42 - -59. Suppose 4*j + j = 245. Calculate the remainder when j is divided by r.
15
Let m = 118 + -48. Calculate the remainder when m is divided by 24.
22
Suppose -5*w = -3*j - 424, 2*w + 5*j + 420 = 7*w. Let x(g) = 3*g + 8. Calculate the remainder when w is divided by x(7).
28
Suppose 0 = -o - 3*o - 16, 0 = 4*n + 4*o + 4. Calculate the remainder when 3 is divided by n.
0
Let f(x) = x**3 - 2*x**2 - 2*x**2 + 0*x + x. Let p be f(4). Let h = 2 + p. What is the remainder when 10 is divided by h?
4
Let n(y) = 2*y**2 + 6*y + 5. Calculate the remainder when 49 is divided by n(-4).
10
Suppose 3*p = 10 + 2, 3*p = -2*b + 18. Suppose -t + 8 = 1. Calculate the remainder when t is divided by b.
1
Let d = 7 - 3. Let h(t) = 4*t**2 - 5*t - 2 - 3 + 0*t + 2*t + t**3. What is the remainder when h(-4) is divided by d?
3
Suppose 6 + 18 = z. Let g = -13 - -22. What is the remainder when z is divided by g?
6
Suppose -u = -0*u - 53. Calculate the remainder when u is divided by 97/9 + 6/27.
9
Let x(g) = g**3 - 6*g**2 + 5*g + 6. What is the remainder when x(8) is divided by 59?
56
Suppose -j + 161 = 4*s, -5*j = 3*s - 2*j - 114. Let k(x) = -x + 9. What is the remainder when s is divided by k(-5)?
13
Suppose -2*n + 5 = 1. Suppose -n*y - 49 = -u, -y = u + 2*u - 126. What is the remainder when u is divided by 22?
21
What is the remainder when 35 is divided by ((-12)/10)/(12/(-40))?
3
Suppose -3*q + 4*q - 20 = 0. Let p(s) = 39*s**3 + s**2 - s. What is the remainder when p(1) is divided by q?
19
Suppose -89 + 26 = -3*o. Let d = -446 + 485. Calculate the remainder when d is divided by o.
18
Calculate the remainder when 16 is divided by (-65)/(-7) + 2/(-7).
7
Suppose -6*h - 9 = -33. What is the remainder when 2 - (h + 18/(-1)) is divided by 9/4*(-8)/(-3)?
4
Suppose -21*q + 18*q + 39 = 0. What is the remainder when 115 is divided by q?
11
Let v(s) = s**2 - 13*s - 1. Calculate the remainder when 35 is divided by v(14).
9
Let m = -24 + 31. Let p(f) = -3*f**3 + f**2 + 3*f + 3. Calculate the remainder when p(-2) is divided by m.
4
Let i(q) = -q - 2. Let w be i(-6). Let k = -23 + 27. What is the remainder when k is divided by 3*(2 + w/(-3))?
0
Suppose -3*y + 6*y + 3 = 0. Suppose -5*r - 205 = -5*f - 3*r, 4*r + 109 = 3*f. What is the remainder when f is divided by (26 - -7)*y/(-3)?
10
Let j be (2 - 5)/6*-30. Let z = j + -11. Suppose 186 = z*o + 50. What is the remainder when o is divided by 12?
10
Suppose 5*d + 2*k = -k - 26, -5*d - 5*k = 30. What is the remainder when -25*d/12*3 is divided by 58/8 + 1/(-4)?
4
Suppose -2*j = -3*d - 7 - 18, 5*j + d - 105 = 0. Suppose 0 = 2*w + 2*w - j. Let k = 9 - w. What is the remainder when 9 is divided by k?
1
Suppose 6 + 26 = 2*h. Suppose 5*w = w + h. Suppose 0*b - 32 = -w*b. What is the remainder when 14 is divided by b?
6
Let m = 22 + -7. Let r be (-3 - -4)/(3/m). Suppose 4*p = -2*c + 24, r*c + 3*p = 20 + 12. What is the remainder when 13 is divided by c?
1
Let k = -6 - -10. Calculate the remainder when 3 is divided by (k + -1)/3 - -2.
0
Suppose -48 = -3*c + 6. Calculate the remainder when 89 is divided by c.
17
Suppose -7*w + 3*w = 20, 5*i - 4*w = 75. Calculate the remainder when 42 is divided by i.
9
Suppose 0 = 5*q + 15, 3*u - 9 = u - 3*q. Let o(v) be the second derivative of v**3/6 - v**2/2 - 2*v. What is the remainder when u is divided by o(6)?
4
Let o(b) = 3*b + 7. Suppose 2*z + 5*n = -11, 5*z + 3*n + 2 = -n. What is the remainder when o(5) is divided by (-12)/(-3 + z - 0)?
10
Suppose -2*w - 2*d + 102 = 0, -4*w - 2*d = -4*d - 228. Let b(z) = z - 3*z + 3*z + 3 - 3*z. What is the remainder when w is divided by b(-8)?
17
Suppose 3*l = -2*y + 12, -10 = -3*y - 5*l + 6. What is the remainder when (-1)/(-3) + 208/6 is divided by y?
11
Let v(u) = 27*u**2 - 2*u - 1. Let f = -9 - -19. Calculate the remainder when v(-1) is divided by f.
8
Let b(j) = j**3 - 7*j**2 + 6*j + 5. Let n(s) = s**2 + 5*s. Suppose 43 = -4*p + 3*x, -3*p + 4 = x + 4*x. What is the remainder when n(p) is divided by b(6)?
4
Suppose -2*g + n = 0, 0 = -3*n + 4 + 8. Suppose -4*p + g*p + 18 = 0. Let l(x) = 26*x**2 + x. Calculate the remainder when l(-1) is divided by p.
7
Suppose 2*j = -3*c + 115, c + 2*c = -j + 59. Let s(x) = 6*x - 11. Calculate the remainder when j is divided by s(5).
18
Suppose 12 = -4*v, -2*t = -4*v - 65 + 5. Let r(n) = -n**3 - 2*n**2 + 6*n + 1. What is the remainder when t is divided by r(-4)?
6
Suppose -5*q - 3*c + 17 = -9, 0 = 3*c + 9. Calculate the remainder when (-79)/(-3) - (-2)/(-6) is divided by q.
5
Let c = 4 - 4. Let t = 5 - c. Suppose -3*m + w = -22 - 14, -t*w = -3*m + 36. Calculate the remainder when 22 is divided by m.
10
Calculate the remainder when 1294/9 - 8/(-36) is divided by 37.
33
Suppose -a - 11 = -2*a. Let d = 26 + -19. What is the remainder when a is divided by d?
4
Let i(u) = 6*u - 7. Suppose 6 = -4*p - 18. Let j be i(p). Let l = j - -65. Calculate the remainder when l is divided by 12.
10
Let h = 20 + -39. Let u = h - -29. What is the remainder when 29 is divided by u?
9
Calculate the remainder when (-1)/(1/(-21)*1) is divided by 6.
3
Let o(w) = w**2 + 4*w - 1. Suppose 20 = 2*m + 4*k, -3*k - 2 = m - 14. Calculate the remainder when o(-6) is divided by m.
5
Suppose 4*y - 9*y + 95 = 0. Let z(h) = -2*h + 1. What is the remainder when y is divided by z(-3)?
5
Let t = 0 + 2. Let n be (-12)/(-10) - t/10. Let f = n + 1. What is the remainder when f is divided by 2?
0
Let j be (-1 + 0)/(3/3). Let o = 2 - j. Suppose 0 = o*a + 7 - 25. Calculate the remainder when a is divided by 4.
2
Let x(j) = -j**3 - 13*j**2 - 2*j - 12. What is the remainder when 36 is divided by x(-13)?
8
Suppose -5*x - k - 206 = 27, -4*k = -8. Let p = x - -72. What is the remainder when 98 is divided by p?
23
Suppose 6*h = -h + 91. What is the remainder when 50 is divided by h?
11
Suppose q - 2*q - 4 = 0. What is the remainder when 22 is divided by (q/5)/((-16)/120)?
4
Let d be (7 + 0)*(-6)/6. Let w = d - -10. Suppose -b = -6*b - 2*m + 40, -45 = -3*b + w*m. What is the remainder when 18 is divided by b?
8
Suppose 4*f - 824 = -4*f. What is the remainder when f is divided by 26?
25
What is the remainder when 19/(1*(-2)/(-4)) is divided by 7?
3
Suppose 3*z + 6 = -0*z. Calculate the remainder when 40 is divided by (-5 - -2) + (-34)/z.
12
Let m be (-4)/(-6) - 463/(-3